2*h + 7. Let d be n(5). Suppose k = -2*f + d. What are the prime factors of f?
2
Suppose -2 = -3*b + 4. Suppose 5 + 3 = b*q. Suppose 13 = -q*i + 169. List the prime factors of i.
3, 13
Let o be ((-1)/((-10)/(-8)))/((-6)/(-705)). List the prime factors of 1/((-1)/o*2).
47
Let o(u) = 2*u**2 - 3*u + 1. Let f be o(2). Suppose 5*n - 17 = -5*g + 83, 5*n + f*g = 102. What are the prime factors of n?
3, 7
What are the prime factors of (-326)/(((-6)/21)/((-2)/(-14)))?
163
Let m = -2564 + 3931. What are the prime factors of m?
1367
Suppose p - 4 = -0. Let j be 1/(1 - 3/p). List the prime factors of (176/j)/(3 + -1).
2, 11
Let n = 37 + -34. Suppose -441 = -5*r + p, -p - 22 - 241 = -n*r. List the prime factors of r.
89
Let m(f) = -17*f + 9. Let l(g) = -1. Let b(z) = -6*l(z) - m(z). Let k be b(1). Let h(v) = -v**2 + 15*v + 26. What are the prime factors of h(k)?
2, 5
Suppose 28*n + 30*n = 49880. What are the prime factors of n?
2, 5, 43
Let r(i) = -i - 9. Let t be r(-9). Suppose -4*b + 2 = -t*b - 5*s, -3*b = -5*s + 1. Suppose b*j - 10 = -2*j. List the prime factors of j.
2
List the prime factors of 5 - (-7 - -12) - (-415)/1.
5, 83
Suppose 309 = j - 3*h, -5*h + 1902 = 5*j + 337. Suppose j - 1332 = -5*c. What are the prime factors of c?
2, 3, 17
Let i(h) = 2*h**2 + 39*h - 27. What are the prime factors of i(-28)?
449
Let n(g) = -2*g + 22. Let c be n(9). Suppose o - t + 0*t = -19, 0 = -3*o - 5*t - 33. What are the prime factors of 14/c*o/(-28)?
2
Let t(d) = -26*d - 7. Let y = -36 - -34. List the prime factors of t(y).
3, 5
Let z(g) = g - 9. Let n be z(7). List the prime factors of n*3*133/(-14).
3, 19
Let q = -10221 + 15347. What are the prime factors of q?
2, 11, 233
List the prime factors of -2*(-161)/(-42)*-219.
23, 73
Let b(p) = -p**3 + 8*p**2 + 11*p - 11. Let j be b(9). Suppose -5*n = 4*v - 541, 3*v + j*n - 2*n = 402. List the prime factors of v.
139
Let m be 27 - -2*(-15)/(-10). List the prime factors of 0 + -3 - (-5)/(m/162).
2, 3
Let p(l) = 12*l**3 + l**2 + l + 3. Let k = -62 + 64. List the prime factors of p(k).
3, 5, 7
Let d = 226 - 30. What are the prime factors of d?
2, 7
Let r be 1*0*(-1)/(-4). Suppose 4*g - 5*u = -107 + 990, -3*g - 3*u + 669 = r. What are the prime factors of g?
2, 3, 37
Suppose 2*b + 28 = 36. Suppose -b*c = c - 75. List the prime factors of c.
3, 5
Let o be 1 + 96 - 4*4/16. List the prime factors of (o/40)/((-4)/(-15)).
3
Suppose 3*b = -2*b - 5*b. List the prime factors of b*(-2)/(-6) + (66 - -7).
73
Let w(q) = 128*q + 3. What are the prime factors of w(3)?
3, 43
Let r(x) = x**3 - 7*x**2 + x + 3. Let l be r(7). Suppose 15*s - l*s - 550 = 0. List the prime factors of s.
2, 5, 11
Let z(d) = d**3 + 4*d**2 + 4*d + 5. Let t be z(-2). What are the prime factors of (22/4)/(t/10)?
11
Let h(v) = -3*v**2 + 4*v**2 + v**2 + 6 + 5*v. List the prime factors of h(-6).
2, 3
Suppose -4*b = -4*k + 4, -5*b - 69 = 3*k - 24. Let d be (-558)/(-12) - (-9)/b. List the prime factors of (-2312)/(-36) + (-10)/d.
2
Let y = -1 - -4. Suppose 4*q + 2 = y*b, 5*b + 4 = 2*q - 16. List the prime factors of (-38)/8*(b + 2).
19
Let x(r) = r - 29. Let u be x(33). Suppose -u*f = -16*f + 3108. What are the prime factors of f?
7, 37
Suppose -5 = -4*a + 5*a. Let l(t) be the first derivative of -11*t**2/2 - 11*t - 41. What are the prime factors of l(a)?
2, 11
What are the prime factors of 1/(8/2338) - (-48)/64?
293
Suppose 2*v = 3*t + 6, 4*v - v = -5*t - 10. Let r(b) = -b**2 + 14. What are the prime factors of r(v)?
2, 7
Let j(m) = 60*m - 4. Let u be j(5). List the prime factors of (-32)/(-80) + u/10.
2, 3, 5
Let n = 1 - -89. What are the prime factors of n?
2, 3, 5
Let u = -186 - -321. Let d = u + -75. Suppose -r = -3*f + 2*f + d, 4*f = 2*r + 234. What are the prime factors of f?
3, 19
Suppose 5*l - 2 - 7 = -y, y - 9 = 3*l. Suppose 5 + y = j. What are the prime factors of j?
2, 7
Let a(u) = 209*u + 78. List the prime factors of a(11).
2377
Let f(b) = -111*b - 539. What are the prime factors of f(-22)?
11, 173
Let j be 1/(-3*(-5)/5295). Suppose 0 = 5*p + 118 - j. What are the prime factors of p?
47
Let v be (-3 - -5)/6*-39. Let s(x) = -2*x + 35. What are the prime factors of s(v)?
61
Suppose -5*l - 673 = -4873. Suppose 7*v = 2*v + l. Let k = v - 86. List the prime factors of k.
2, 41
Suppose m = -1, -4*h - 3*m + 2*m + 155 = 0. Suppose 2*t - s = 21, 3*s - h = -3*t + 6. List the prime factors of t.
2, 3
Suppose 3*k - 410 = -c, 4*k + 6*c - 544 = 2*c. What are the prime factors of k?
137
Let k = -22 + 24. Let r(m) be the third derivative of m**6/60 - m**5/15 + m**4/12 + m**3/3 + m**2. What are the prime factors of r(k)?
2, 3
Let o be 637/21*(-3)/(-2)*2. Let p = -30 + o. List the prime factors of p.
61
What are the prime factors of (-5194)/3*(-12)/8?
7, 53
Suppose j + 38 = 2*j. Suppose 0 = -c - 5, 3*f - f + 4*c = j. Suppose 0 = -l + 2*l - f. What are the prime factors of l?
29
Suppose 2*i + 12 = i. Let j = 101 + i. What are the prime factors of j?
89
Let j(n) = 5*n**2 + 22*n - 4. Let w(x) = 2*x**2 + 7*x - 1. Let h = 31 - 27. Let b(f) = h*j(f) - 11*w(f). List the prime factors of b(4).
7
Suppose 2*t + 10 = -0*t + 5*k, -4*k + 8 = 5*t. Suppose t = h - 3*h + 5*s + 415, 819 = 4*h + s. What are the prime factors of h?
5, 41
List the prime factors of 120/(-420) + 27808/14.
2, 3, 331
Let c be ((-4)/(-10))/(3/105). Suppose -3*f - 8 = -c. List the prime factors of f.
2
Let j(g) = -g**3 - 2*g**2 - 4*g - 5. Let c be j(-4). Suppose -r = 4*z + 24, 0 = 6*r - 4*r - z + 57. Let k = c + r. List the prime factors of k.
3, 5
Let d(l) be the first derivative of 15*l**2/2 + 5*l - 4. List the prime factors of d(5).
2, 5
Let u = 3 + -3. Suppose 5*y + 25 = u, -k - 2*k = y - 145. What are the prime factors of k?
2, 5
Let q(z) = 219*z**2 + z. Let u = 78 + -77. List the prime factors of q(u).
2, 5, 11
Let v(z) = -2*z - 1. Let p be v(2). Let b be p*(-1)/5*13. Suppose j + 3*q - 16 = 0, -j + 13 = -2*q - b. What are the prime factors of j?
2, 11
Suppose 2*k = -0*v + 5*v - 122, 61 = -k + 3*v. Let d(a) = 85*a**2 + a. Let p be d(1). Let o = k + p. What are the prime factors of o?
5
Suppose -s = m - 3, -m + s = 2*m - 9. Suppose 7 - 34 = -m*u. What are the prime factors of u?
3
Suppose -9*p + 5*g = -10*p + 88, -2*g = -5*p + 413. What are the prime factors of p?
83
Let w be 14/(-70) - 2062/(-10). Suppose 4*g = 2*v - 134, -w = -5*v - 3*g + 194. List the prime factors of v.
7, 11
Suppose 0 = -15*p + 16*p + 15. Let v = 34 + p. What are the prime factors of v?
19
Let n(p) = 8*p - 16. Let x be n(9). Suppose -3*l + 3*r - 2 = -l, l - 4*r = -6. Suppose f = 4, -3*o + l = -2*f - x. List the prime factors of o.
2, 11
Suppose 3316 = -7*r + 8356. What are the prime factors of r?
2, 3, 5
Let p(v) be the first derivative of -5*v**2/2 - 31*v - 3. List the prime factors of p(-13).
2, 17
Suppose k + 5*i - 761 - 171 = 0, 4*i = 3*k - 2777. List the prime factors of k.
3, 103
Let n be ((-48)/40)/((-2)/5). Let b(o) = 7*o - o + 2 - 5*o - n*o. What are the prime factors of b(-5)?
2, 3
Let n(a) = 49*a**2 - 9*a - 20. List the prime factors of n(7).
2, 19, 61
Let k(x) = x**3 - 17*x**2 - 43. List the prime factors of k(18).
281
Suppose -2*s - 90 = -4*i, 3 = -2*s - s. Let h = i + 5. Let a = h + -19. What are the prime factors of a?
2
Let c = 46 + -27. Let z = c - 15. Suppose -t + 150 = z*t. List the prime factors of t.
2, 3, 5
Let j(l) = -95*l**2 + 7*l + 6. Let f(a) = 190*a**2 - 13*a - 11. Let p(s) = 3*f(s) + 5*j(s). What are the prime factors of p(-1)?
2, 3
Let a = -707 + 2031. What are the prime factors of a?
2, 331
Let k be (-3)/4 - (-26)/(-8). Let w(v) = -10*v - 5. Let o be w(k). Let i = o + -2. What are the prime factors of i?
3, 11
Let h(i) = 5*i - 5. Let t be h(2). Let d(w) = -2*w**2 + t + w**3 + 8*w**2 - 14 + w. What are the prime factors of d(-4)?
19
Let k(l) = l. Let m(w) = -4*w**2 - 3*w - 3. Let b(g) = -3*k(g) - m(g). List the prime factors of b(-4).
67
Suppose 613 + 183 = -4*o. Let s = 330 + o. What are the prime factors of s?
131
Let t(f) = -f + 26. Let r be t(22). Suppose 0 = 2*u - r*i - 156, -2*i - 410 = -5*u + 3*i. List the prime factors of u.
2, 43
Let u(y) = 4*y**2 - y + 12. What are the prime factors of u(7)?
3, 67
Suppose -2*u - 5*o = -108, u - 4*u - 4*o + 162 = 0. Let r = 163 - u. List the prime factors of r.
109
S